me factors of 4860?
2, 3, 5
What are the prime factors of 4047?
3, 19, 71
List the prime factors of 141254.
2, 70627
What are the prime factors of 27023?
61, 443
List the prime factors of 2237.
2237
List the prime factors of 6618.
2, 3, 1103
What are the prime factors of 7108?
2, 1777
What are the prime factors of 2465?
5, 17, 29
What are the prime factors of 1176?
2, 3, 7
List the prime factors of 2429.
7, 347
What are the prime factors of 999?
3, 37
What are the prime factors of 1065?
3, 5, 71
List the prime factors of 4294.
2, 19, 113
List the prime factors of 28742.
2, 7, 2053
List the prime factors of 1490.
2, 5, 149
List the prime factors of 24825.
3, 5, 331
List the prime factors of 1937.
13, 149
What are the prime factors of 443?
443
What are the prime factors of 2865?
3, 5, 191
List the prime factors of 5936.
2, 7, 53
List the prime factors of 95.
5, 19
What are the prime factors of 715?
5, 11, 13
List the prime factors of 10651.
10651
List the prime factors of 267.
3, 89
What are the prime factors of 43264?
2, 13
What are the prime factors of 4717?
53, 89
List the prime factors of 472.
2, 59
List the prime factors of 21347.
21347
List the prime factors of 21288.
2, 3, 887
What are the prime factors of 91?
7, 13
List the prime factors of 15925.
5, 7, 13
List the prime factors of 879.
3, 293
List the prime factors of 52890.
2, 3, 5, 41, 43
List the prime factors of 14137.
67, 211
List the prime factors of 16715.
5, 3343
List the prime factors of 30238.
2, 13, 1163
What are the prime factors of 4433?
11, 13, 31
What are the prime factors of 4146?
2, 3, 691
List the prime factors of 10929.
3, 3643
List the prime factors of 33481.
7, 4783
List the prime factors of 605.
5, 11
List the prime factors of 32018.
2, 7, 2287
List the prime factors of 407.
11, 37
What are the prime factors of 5005?
5, 7, 11, 13
What are the prime factors of 3825?
3, 5, 17
List the prime factors of 8290.
2, 5, 829
What are the prime factors of 66768?
2, 3, 13, 107
What are the prime factors of 795?
3, 5, 53
What are the prime factors of 53574?
2, 3, 8929
What are the prime factors of 1287?
3, 11, 13
List the prime factors of 6577.
6577
List the prime factors of 22132.
2, 11, 503
What are the prime factors of 43191?
3, 4799
List the prime factors of 60892.
2, 13, 1171
List the prime factors of 641.
641
List the prime factors of 21.
3, 7
List the prime factors of 13417.
13417
List the prime factors of 47732.
2, 11933
What are the prime factors of 9222?
2, 3, 29, 53
What are the prime factors of 439?
439
What are the prime factors of 72?
2, 3
What are the prime factors of 32019?
3, 13, 821
What are the prime factors of 562?
2, 281
List the prime factors of 165735.
3, 5, 29, 127
What are the prime factors of 6217?
6217
What are the prime factors of 3899?
7, 557
List the prime factors of 8964.
2, 3, 83
What are the prime factors of 853?
853
What are the prime factors of 860?
2, 5, 43
What are the prime factors of 19502?
2, 7, 199
List the prime factors of 5065.
5, 1013
What are the prime factors of 159999?
3, 7, 19, 401
What are the prime factors of 1968?
2, 3, 41
List the prime factors of 11734.
2, 5867
What are the prime factors of 28052?
2, 7013
What are the prime factors of 726?
2, 3, 11
List the prime factors of 12812.
2, 3203
List the prime factors of 896.
2, 7
List the prime factors of 54237.
3, 101, 179
What are the prime factors of 71878?
2, 83, 433
What are the prime factors of 3643?
3643
List the prime factors of 14077.
7, 2011
What are the prime factors of 4236?
2, 3, 353
What are the prime factors of 90524?
2, 7, 53, 61
What are the prime factors of 6847?
41, 167
List the prime factors of 84508.
2, 37, 571
What are the prime factors of 428?
2, 107
What are the prime factors of 582?
2, 3, 97
What are the prime factors of 2469?
3, 823
List the prime factors of 52953.
3, 19, 929
What are the prime factors of 3015?
3, 5, 67
What are the prime factors of 3681?
3, 409
What are the prime factors of 37461?
3, 12487
List the prime factors of 26731.
26731
What are the prime factors of 5593?
7, 17, 47
List the prime factors of 3524.
2, 881
List the prime factors of 2695.
5, 7, 11
List the prime factors of 633.
3, 211
List the prime factors of 5704.
2, 23, 31
What are the prime factors of 5940?
2, 3, 5, 11
What are the prime factors of 660?
2, 3, 5, 11
List the prime factors of 6878.
2, 19, 181
What are the prime factors of 13751?
13751
List the prime factors of 4030.
2, 5, 13, 31
List the prime factors of 4076.
2, 1019
What are the prime factors of 160?
2, 5
What are the prime factors of 33834?
2, 3, 5639
What are the prime factors of 23217?
3, 71, 109
List the prime factors of 16059.
3, 53, 101
List the prime factors of 133.
7, 19
List the prime factors of 108842.
2, 54421
What are the prime factors of 3332?
2, 7, 17
What are the prime factors of 469?
7, 67
List the prime factors of 625.
5
What are the prime factors of 11477?
23, 499
List the prime factors of 29919.
3, 9973
List the prime factors of 648.
2, 3
List the prime factors of 705.
3, 5, 47
What are the prime factors of 3599?
59, 61
What are the prime factors of 1395?
3, 5, 31
What are the prime factors of 243?
3
What are the prime factors of 9447?
3, 47, 67
What are the prime factors of 20111?
7, 13, 17
List the prime factors of 1040.
2, 5, 13
List the prime factors of 1229.
1229
List the prime factors of 4686.
2, 3, 11, 71
What are the prime factors of 1017?
3, 113
List the prime factors of 1346.
2, 673
What are the prime factors of 6327?
3, 19, 37
What are the prime factors of 102247?
59, 1733
List the prime factors of 56341.
103, 547
List the prime factors of 12321.
3, 37
List the prime factors of 481.
13, 37
What are the prime factors of 23451?
3, 7817
What are the prime factors of 25362?
2, 3, 1409
What are the prime factors of 13485?
3, 5, 29, 31
List the prime factors of 2449.
31, 79
List the prime factors of 114.
2, 3, 19
What are the prime factors of 41757?
3, 31, 449
What are the prime factors of 1080?
2, 3, 5
List the prime factors of 1193.
1193
What are the prime factors of 3308?
2, 827
What are the prime factors of 91689?
3, 13, 2351
What are the prime factors of 15481?
113, 137
List the prime factors of 4075.
5, 163
What are the prime factors of 9944?
2, 11, 113
What are the prime factors of 3801?
3, 7, 181
What are the prime factors of 1518?
2, 3, 11, 23
List the prime factors of 3400.
2, 5, 17
What are the prime factors of 3768?
2, 3, 157
What are the prime factors of 40033?
7, 19, 43
List the prime factors of 1756.
2, 439
What are the prime factors of 52885?
5, 7, 1511
List the prime factors of 8380.
2, 5, 419
What are the prime factors of 1346?
2, 673
List the prime factors of 1280.
2, 5
What are the prime factors of 4252?
2, 1063
List the prime factors of 597.
3, 199
List the prime factors of 20506.
2, 10253
What are the prime factors of 2292?
2, 3, 191
What are the prime factors of 105902?
2, 52951
List the prime factors of 877.
877
What are the prime factors of 1928?
2, 241
List the prime factors of 48868.
2, 19, 643
List the prime factors of 42338.
2, 21169
List the prime factors of 4005.
3, 5, 89
What are the prime factors of 1640?
2, 5, 41
What are the prime factors of 1710?
2, 3, 5, 19
List the prime factors of 2372.
2, 593
List the prime factors of 1776.
2, 3, 37
What are the prime factors of 15012?
2, 3, 139
List the prime factors of 103.
103
What are the prime factors of 644?
2, 7, 23
What are the prime factors of 152016?
2, 3, 3167
List the prime factors of 371.
7, 53
What are the prime factors of 572?
2, 11, 13
List the prime factors of 874.
2, 19, 23
List the prime factors of 10425.
3, 5, 139
List the prime factors of 11804.
2, 13, 227
List the prime factors of 1017.
3, 113
List the prime factors of 22382.
2, 19, 31
What are the prime factors of 4099?
4099
What are the prime factors of 865?
5, 173
List the prime factors of 647.
647
What are the prime factors of 93482?
2, 43, 1087
What are the prime factors of 194?
2, 97
What are the prime factors of 5181?
3, 11, 157
What are the prime factors of 726?
2, 3, 11
List the prime factors of 2951.
13, 227
What are the prime factors of 1196?
2, 13, 23
List the prime factors of 4086.
2, 3, 227
What are the prime factors of 296?
2,